[INFO] cloning repository https://github.com/Gurio/is-it-on-netflix
[INFO] running `Command { std: "git" "-c" "credential.helper=" "-c" "credential.helper=/workspace/cargo-home/bin/git-credential-null" "clone" "--bare" "https://github.com/Gurio/is-it-on-netflix" "/workspace/cache/git-repos/https%3A%2F%2Fgithub.com%2FGurio%2Fis-it-on-netflix", kill_on_drop: false }`
[INFO] [stderr] Cloning into bare repository '/workspace/cache/git-repos/https%3A%2F%2Fgithub.com%2FGurio%2Fis-it-on-netflix'...
[INFO] running `Command { std: "git" "rev-parse" "HEAD", kill_on_drop: false }`
[INFO] [stdout] 7bb0f234b4cc7b2a67b36f677f68bf90d56ae00f
[INFO] checking Gurio/is-it-on-netflix against try#72f88fc4e9458f89516a0b8b0868f3718aec5b47 for pr-74989
[INFO] running `Command { std: "git" "clone" "/workspace/cache/git-repos/https%3A%2F%2Fgithub.com%2FGurio%2Fis-it-on-netflix" "/workspace/builds/worker-12/source", kill_on_drop: false }`
[INFO] [stderr] Cloning into '/workspace/builds/worker-12/source'...
[INFO] [stderr] done.
[INFO] validating manifest of git repo https://github.com/Gurio/is-it-on-netflix on toolchain 72f88fc4e9458f89516a0b8b0868f3718aec5b47
[INFO] running `Command { std: "/workspace/cargo-home/bin/cargo" "+72f88fc4e9458f89516a0b8b0868f3718aec5b47" "read-manifest" "--manifest-path" "Cargo.toml", kill_on_drop: false }`
[INFO] started tweaking git repo https://github.com/Gurio/is-it-on-netflix
[INFO] finished tweaking git repo https://github.com/Gurio/is-it-on-netflix
[INFO] tweaked toml for git repo https://github.com/Gurio/is-it-on-netflix written to /workspace/builds/worker-12/source/Cargo.toml
[INFO] running `Command { std: "/workspace/cargo-home/bin/cargo" "+72f88fc4e9458f89516a0b8b0868f3718aec5b47" "generate-lockfile" "--manifest-path" "Cargo.toml" "-Zno-index-update", kill_on_drop: false }`
[INFO] running `Command { std: "/workspace/cargo-home/bin/cargo" "+72f88fc4e9458f89516a0b8b0868f3718aec5b47" "fetch" "--locked" "--manifest-path" "Cargo.toml", kill_on_drop: false }`
[INFO] [stderr]     Blocking waiting for file lock on package cache
[INFO] [stderr]  Downloading crates ...
[INFO] [stderr]   Downloaded askama_derive v0.7.2
[INFO] [stderr]   Downloaded askama_shared v0.7.2
[INFO] [stderr]   Downloaded askama v0.7.2
[INFO] running `Command { std: "docker" "create" "-v" "/var/lib/crater-agent-workspace/builds/worker-12/target:/opt/rustwide/target:rw,Z" "-v" "/var/lib/crater-agent-workspace/builds/worker-12/source:/opt/rustwide/workdir:ro,Z" "-v" "/var/lib/crater-agent-workspace/cargo-home:/opt/rustwide/cargo-home:ro,Z" "-v" "/var/lib/crater-agent-workspace/rustup-home:/opt/rustwide/rustup-home:ro,Z" "-e" "SOURCE_DIR=/opt/rustwide/workdir" "-e" "CARGO_TARGET_DIR=/opt/rustwide/target" "-e" "CARGO_HOME=/opt/rustwide/cargo-home" "-e" "RUSTUP_HOME=/opt/rustwide/rustup-home" "-w" "/opt/rustwide/workdir" "-m" "1610612736" "--user" "0:0" "--network" "none" "rustops/crates-build-env@sha256:d92eaeed33fa75130ca1ee6c8a01d1ffb62bac859dfdfb3450e3e5d1c0146529" "/opt/rustwide/cargo-home/bin/cargo" "+72f88fc4e9458f89516a0b8b0868f3718aec5b47" "metadata" "--no-deps" "--format-version=1", kill_on_drop: false }`
[INFO] [stdout] 6744b2cb3007159badec28498ddc83fea4a56c12e4bb4d189721f60daa496834
[INFO] [stderr] WARNING: Your kernel does not support swap limit capabilities or the cgroup is not mounted. Memory limited without swap.
[INFO] running `Command { std: "docker" "start" "-a" "6744b2cb3007159badec28498ddc83fea4a56c12e4bb4d189721f60daa496834", kill_on_drop: false }`
[INFO] running `Command { std: "docker" "inspect" "6744b2cb3007159badec28498ddc83fea4a56c12e4bb4d189721f60daa496834", kill_on_drop: false }`
[INFO] running `Command { std: "docker" "rm" "-f" "6744b2cb3007159badec28498ddc83fea4a56c12e4bb4d189721f60daa496834", kill_on_drop: false }`
[INFO] [stdout] 6744b2cb3007159badec28498ddc83fea4a56c12e4bb4d189721f60daa496834
[INFO] running `Command { std: "docker" "create" "-v" "/var/lib/crater-agent-workspace/builds/worker-12/target:/opt/rustwide/target:rw,Z" "-v" "/var/lib/crater-agent-workspace/builds/worker-12/source:/opt/rustwide/workdir:ro,Z" "-v" "/var/lib/crater-agent-workspace/cargo-home:/opt/rustwide/cargo-home:ro,Z" "-v" "/var/lib/crater-agent-workspace/rustup-home:/opt/rustwide/rustup-home:ro,Z" "-e" "SOURCE_DIR=/opt/rustwide/workdir" "-e" "CARGO_TARGET_DIR=/opt/rustwide/target" "-e" "CARGO_INCREMENTAL=0" "-e" "RUST_BACKTRACE=full" "-e" "RUSTFLAGS=--cap-lints=forbid" "-e" "CARGO_HOME=/opt/rustwide/cargo-home" "-e" "RUSTUP_HOME=/opt/rustwide/rustup-home" "-w" "/opt/rustwide/workdir" "-m" "1610612736" "--user" "0:0" "--network" "none" "rustops/crates-build-env@sha256:d92eaeed33fa75130ca1ee6c8a01d1ffb62bac859dfdfb3450e3e5d1c0146529" "/opt/rustwide/cargo-home/bin/cargo" "+72f88fc4e9458f89516a0b8b0868f3718aec5b47" "check" "--frozen" "--all" "--all-targets" "--message-format=json", kill_on_drop: false }`
[INFO] [stdout] 3de421ca340deea6fd2c74096a32800b736aa2dca2ad8df7921e5d9153a989ad
[INFO] [stderr] WARNING: Your kernel does not support swap limit capabilities or the cgroup is not mounted. Memory limited without swap.
[INFO] running `Command { std: "docker" "start" "-a" "3de421ca340deea6fd2c74096a32800b736aa2dca2ad8df7921e5d9153a989ad", kill_on_drop: false }`
[INFO] [stderr]    Compiling syn v1.0.40
[INFO] [stderr]    Compiling maybe-uninit v2.0.0
[INFO] [stderr]     Checking futures v0.1.29
[INFO] [stderr]     Checking scopeguard v1.1.0
[INFO] [stderr]    Compiling proc-macro2 v0.4.30
[INFO] [stderr]    Compiling unicode-xid v0.1.0
[INFO] [stderr]    Compiling syn v0.15.44
[INFO] [stderr]     Checking gimli v0.22.0
[INFO] [stderr]    Compiling failure_derive v0.1.8
[INFO] [stderr]     Checking object v0.20.0
[INFO] [stderr]     Checking percent-encoding v1.0.1
[INFO] [stderr]     Checking rustc-demangle v0.1.16
[INFO] [stderr]     Checking subtle v2.3.0
[INFO] [stderr]     Checking stable_deref_trait v1.2.0
[INFO] [stderr]    Compiling proc-macro-nested v0.1.6
[INFO] [stderr]     Checking subtle v1.0.0
[INFO] [stderr]     Checking linked-hash-map v0.5.3
[INFO] [stderr]     Checking scopeguard v0.3.3
[INFO] [stderr]     Checking arc-swap v0.4.7
[INFO] [stderr]    Compiling proc-macro-hack v0.5.18
[INFO] [stderr]     Checking futures-sink v0.3.5
[INFO] [stderr]     Checking futures-core v0.3.5
[INFO] [stderr]    Compiling v_htmlescape v0.4.5
[INFO] [stderr]     Checking zeroize v1.1.0
[INFO] [stderr]     Checking lazycell v1.3.0
[INFO] [stderr]     Checking sha1 v0.6.0
[INFO] [stderr]     Checking strfmt v0.1.6
[INFO] [stderr]    Compiling crossbeam-utils v0.7.2
[INFO] [stderr]    Compiling memoffset v0.5.5
[INFO] [stderr]    Compiling crossbeam-epoch v0.8.2
[INFO] [stderr]    Compiling num-traits v0.2.12
[INFO] [stderr]     Checking crossbeam-utils v0.6.6
[INFO] [stderr]     Checking rand_core v0.3.1
[INFO] [stderr]    Compiling actix-web v0.7.19
[INFO] [stderr]    Compiling miniz-sys v0.1.12
[INFO] [stderr]    Compiling brotli-sys v0.3.2
[INFO] [stderr]     Checking lock_api v0.3.4
[INFO] [stderr]     Checking owning_ref v0.4.1
[INFO] [stderr]     Checking lru-cache v0.1.2
[INFO] [stderr]     Checking futures-channel v0.3.5
[INFO] [stderr]     Checking log v0.4.11
[INFO] [stderr]    Compiling memchr v2.3.3
[INFO] [stderr]    Compiling serde v1.0.116
[INFO] [stderr]     Checking idna v0.1.5
[INFO] [stderr]     Checking rand_xorshift v0.1.1
[INFO] [stderr]     Checking rand_hc v0.1.0
[INFO] [stderr]     Checking rand_isaac v0.1.1
[INFO] [stderr]     Checking num_cpus v1.13.0
[INFO] [stderr]     Checking socket2 v0.3.15
[INFO] [stderr]     Checking rand v0.5.6
[INFO] [stderr]     Checking hostname v0.3.1
[INFO] [stderr]     Checking signal-hook-registry v1.2.1
[INFO] [stderr]     Checking regex-automata v0.1.9
[INFO] [stderr]     Checking base64 v0.10.1
[INFO] [stderr]    Compiling parking_lot_core v0.6.2
[INFO] [stderr]    Compiling parking_lot v0.9.0
[INFO] [stderr]    Compiling parking_lot_core v0.4.0
[INFO] [stderr]     Checking csv-core v0.1.10
[INFO] [stderr]     Checking lock_api v0.1.5
[INFO] [stderr]     Checking toml v0.4.10
[INFO] [stderr]     Checking rand_chacha v0.1.1
[INFO] [stderr]     Checking crossbeam-channel v0.3.9
[INFO] [stderr]     Checking serde_json v1.0.57
[INFO] [stderr]     Checking bytes v0.4.12
[INFO] [stderr]     Checking mio v0.6.22
[INFO] [stderr]     Checking resolv-conf v0.6.3
[INFO] [stderr]    Compiling nom v4.2.3
[INFO] [stderr]     Checking block-cipher-trait v0.6.2
[INFO] [stderr]     Checking universal-hash v0.3.0
[INFO] [stderr]     Checking crypto-mac v0.7.0
[INFO] [stderr]     Checking aead v0.2.0
[INFO] [stderr]     Checking smallvec v0.6.13
[INFO] [stderr]     Checking bstr v0.2.13
[INFO] [stderr]     Checking url v1.7.2
[INFO] [stderr]     Checking tokio-sync v0.1.8
[INFO] [stderr]     Checking tower-service v0.1.0
[INFO] [stderr]     Checking futures-cpupool v0.1.8
[INFO] [stderr]     Checking rand v0.6.5
[INFO] [stderr]     Checking tokio-executor v0.1.10
[INFO] [stderr]     Checking crossbeam-queue v0.2.3
[INFO] [stderr]     Checking aes-soft v0.3.3
[INFO] [stderr]     Checking tokio-io v0.1.13
[INFO] [stderr]     Checking http v0.1.21
[INFO] [stderr]     Checking string v0.2.1
[INFO] [stderr]     Checking polyval v0.3.3
[INFO] [stderr]     Checking sha2 v0.8.2
[INFO] [stderr]     Checking env_logger v0.5.13
[INFO] [stderr]     Checking hmac v0.7.1
[INFO] [stderr]     Checking mio-uds v0.6.8
[INFO] [stderr]    Compiling quote v0.6.13
[INFO] [stderr]     Checking flate2 v1.0.17
[INFO] [stderr]     Checking tokio-timer v0.2.13
[INFO] [stderr]     Checking tokio-current-thread v0.1.7
[INFO] [stderr]     Checking crossbeam-deque v0.7.3
[INFO] [stderr]     Checking serde_urlencoded v0.5.5
[INFO] [stderr]     Checking aes v0.3.2
[INFO] [stderr]     Checking csv v1.1.3
[INFO] [stderr]     Checking ghash v0.2.3
[INFO] [stderr]     Checking hkdf v0.8.0
[INFO] [stderr]     Checking tokio-codec v0.1.2
[INFO] [stderr]     Checking uuid v0.7.4
[INFO] [stderr]     Checking tokio-threadpool v0.1.18
[INFO] [stderr]     Checking aes-gcm v0.5.0
[INFO] [stderr]     Checking addr2line v0.13.0
[INFO] [stderr]     Checking tokio-reactor v0.1.12
[INFO] [stderr]     Checking cookie v0.11.3
[INFO] [stderr]     Checking parking_lot v0.7.1
[INFO] [stderr]     Checking backtrace v0.3.50
[INFO] [stderr]     Checking tokio-udp v0.1.6
[INFO] [stderr]     Checking tokio-tcp v0.1.4
[INFO] [stderr]     Checking tokio-uds v0.2.7
[INFO] [stderr]     Checking tokio-signal v0.2.9
[INFO] [stderr]     Checking tokio-fs v0.1.7
[INFO] [stderr]     Checking tokio v0.1.22
[INFO] [stderr]     Checking h2 v0.1.26
[INFO] [stderr]     Checking brotli2 v0.3.2
[INFO] [stderr]    Compiling synstructure v0.12.4
[INFO] [stderr]    Compiling actix_derive v0.3.2
[INFO] [stderr]    Compiling serde_derive v1.0.116
[INFO] [stderr]    Compiling pin-project-internal v0.4.23
[INFO] [stderr]    Compiling v_escape_derive v0.5.6
[INFO] [stderr]    Compiling futures-macro v0.3.5
[INFO] [stderr]     Checking v_escape v0.7.4
[INFO] [stderr]     Checking failure v0.1.8
[INFO] [stderr]     Checking trust-dns-proto v0.6.3
[INFO] [stderr]     Checking trust-dns-proto v0.5.0
[INFO] [stderr]     Checking pin-project v0.4.23
[INFO] [stderr]     Checking futures-util v0.3.5
[INFO] [stderr]     Checking trust-dns-resolver v0.10.3
[INFO] [stderr]     Checking actix v0.7.9
[INFO] [stderr]    Compiling askama_shared v0.7.2
[INFO] [stderr]     Checking actix-net v0.2.6
[INFO] [stderr]    Compiling askama_derive v0.7.2
[INFO] [stderr]     Checking futures-executor v0.3.5
[INFO] [stderr]     Checking futures v0.3.5
[INFO] [stderr]    Compiling askama v0.7.2
[INFO] [stderr]    Compiling is_it_on_netflix v0.1.0 (/opt/rustwide/workdir)
[INFO] [stdout] warning: unused import: `futures::Future`
[INFO] [stdout]  --> src/json.rs:7:5
[INFO] [stdout]   |
[INFO] [stdout] 7 | use futures::Future;
[INFO] [stdout]   |     ^^^^^^^^^^^^^^^
[INFO] [stdout]   |
[INFO] [stdout]   = note: `#[warn(unused_imports)]` on by default
[INFO] [stdout] 
[INFO] [stdout] 
[INFO] [stdout] warning: unused import: `std::fs`
[INFO] [stdout]   --> src/lib.rs:13:5
[INFO] [stdout]    |
[INFO] [stdout] 13 | use std::fs;
[INFO] [stdout]    |     ^^^^^^^
[INFO] [stdout] 
[INFO] [stdout] 
[INFO] [stdout] warning: unused imports: `FutureResponse`, `dev`, `error`, `multipart`
[INFO] [stdout]   --> src/lib.rs:19:5
[INFO] [stdout]    |
[INFO] [stdout] 19 |     dev, error, client, multipart, HttpMessage, HttpRequest, HttpResponse, FutureResponse, AsyncResponder, Query, Result, Error,
[INFO] [stdout]    |     ^^^  ^^^^^          ^^^^^^^^^                                          ^^^^^^^^^^^^^^
[INFO] [stdout] 
[INFO] [stdout] 
[INFO] [stdout] warning: unused imports: `Stream`, `future`
[INFO] [stdout]   --> src/lib.rs:24:23
[INFO] [stdout]    |
[INFO] [stdout] 24 | use futures::{Future, Stream, future};
[INFO] [stdout]    |                       ^^^^^^  ^^^^^^
[INFO] [stdout] 
[INFO] [stdout] 
[INFO] [stdout] warning: unused label
[INFO] [stdout]   --> src/lib.rs:73:9
[INFO] [stdout]    |
[INFO] [stdout] 73 |         'records: for record in movie_info {
[INFO] [stdout]    |         ^^^^^^^^
[INFO] [stdout]    |
[INFO] [stdout]    = note: `#[warn(unused_labels)]` on by default
[INFO] [stdout] 
[INFO] [stdout] 
[INFO] [stdout] warning: trait objects without an explicit `dyn` are deprecated
[INFO] [stdout]   --> src/lib.rs:95:40
[INFO] [stdout]    |
[INFO] [stdout] 95 | pub fn upload(req: HttpRequest) -> Box<Future<Item = HttpResponse, Error = Error>> {
[INFO] [stdout]    |                                        ^^^^^^^^^^^^^^^^^^^^^^^^^^^^^^^^^^^^^^^^^^ help: use `dyn`: `dyn Future<Item = HttpResponse, Error = Error>`
[INFO] [stdout]    |
[INFO] [stdout]    = note: `#[warn(bare_trait_objects)]` on by default
[INFO] [stdout] 
[INFO] [stdout] 
[INFO] [stdout] warning: unused import: `futures::Future`
[INFO] [stdout]  --> src/json.rs:7:5
[INFO] [stdout]   |
[INFO] [stdout] 7 | use futures::Future;
[INFO] [stdout]   |     ^^^^^^^^^^^^^^^
[INFO] [stdout]   |
[INFO] [stdout]   = note: `#[warn(unused_imports)]` on by default
[INFO] [stdout] 
[INFO] [stdout] 
[INFO] [stdout] warning: unused import: `std::fs`
[INFO] [stdout]   --> src/lib.rs:13:5
[INFO] [stdout]    |
[INFO] [stdout] 13 | use std::fs;
[INFO] [stdout]    |     ^^^^^^^
[INFO] [stdout] 
[INFO] [stdout] 
[INFO] [stdout] warning: unused imports: `FutureResponse`, `dev`, `error`, `multipart`
[INFO] [stdout]   --> src/lib.rs:19:5
[INFO] [stdout]    |
[INFO] [stdout] 19 |     dev, error, client, multipart, HttpMessage, HttpRequest, HttpResponse, FutureResponse, AsyncResponder, Query, Result, Error,
[INFO] [stdout]    |     ^^^  ^^^^^          ^^^^^^^^^                                          ^^^^^^^^^^^^^^
[INFO] [stdout] 
[INFO] [stdout] 
[INFO] [stdout] warning: unused imports: `Stream`, `future`
[INFO] [stdout]   --> src/lib.rs:24:23
[INFO] [stdout]    |
[INFO] [stdout] 24 | use futures::{Future, Stream, future};
[INFO] [stdout]    |                       ^^^^^^  ^^^^^^
[INFO] [stdout] 
[INFO] [stdout] 
[INFO] [stdout] warning: unused label
[INFO] [stdout]   --> src/lib.rs:73:9
[INFO] [stdout]    |
[INFO] [stdout] 73 |         'records: for record in movie_info {
[INFO] [stdout]    |         ^^^^^^^^
[INFO] [stdout]    |
[INFO] [stdout]    = note: `#[warn(unused_labels)]` on by default
[INFO] [stdout] 
[INFO] [stdout] 
[INFO] [stdout] warning: trait objects without an explicit `dyn` are deprecated
[INFO] [stdout]   --> src/lib.rs:95:40
[INFO] [stdout]    |
[INFO] [stdout] 95 | pub fn upload(req: HttpRequest) -> Box<Future<Item = HttpResponse, Error = Error>> {
[INFO] [stdout]    |                                        ^^^^^^^^^^^^^^^^^^^^^^^^^^^^^^^^^^^^^^^^^^ help: use `dyn`: `dyn Future<Item = HttpResponse, Error = Error>`
[INFO] [stdout]    |
[INFO] [stdout]    = note: `#[warn(bare_trait_objects)]` on by default
[INFO] [stdout] 
[INFO] [stdout] 
[INFO] [stdout] error[E0220]: associated type `Item` not found for `futures::Future`
[INFO] [stdout]   --> src/lib.rs:95:47
[INFO] [stdout]    |
[INFO] [stdout] 95 | pub fn upload(req: HttpRequest) -> Box<Future<Item = HttpResponse, Error = Error>> {
[INFO] [stdout]    |                                               ^^^^ associated type `Item` not found
[INFO] [stdout] 
[INFO] [stdout] 
[INFO] [stdout] error[E0220]: associated type `Error` not found for `futures::Future`
[INFO] [stdout]   --> src/lib.rs:95:68
[INFO] [stdout]    |
[INFO] [stdout] 95 | pub fn upload(req: HttpRequest) -> Box<Future<Item = HttpResponse, Error = Error>> {
[INFO] [stdout]    |                                                                    ^^^^^ associated type `Error` not found
[INFO] [stdout] 
[INFO] [stdout] 
[INFO] [stdout] error[E0191]: the value of the associated type `Output` (from trait `futures::Future`) must be specified
[INFO] [stdout]   --> src/lib.rs:95:40
[INFO] [stdout]    |
[INFO] [stdout] 95 | pub fn upload(req: HttpRequest) -> Box<Future<Item = HttpResponse, Error = Error>> {
[INFO] [stdout]    |                                        ^^^^^^^^^^^^^^^^^^^^^^^^^^^^^^^^^^^^^^^^^^ help: specify the associated type: `Future<Item = HttpResponse, Error = Error, Output = Type>`
[INFO] [stdout] 
[INFO] [stdout] 
[INFO] [stdout] error[E0220]: associated type `Item` not found for `futures::Future`
[INFO] [stdout]   --> src/lib.rs:95:47
[INFO] [stdout]    |
[INFO] [stdout] 95 | pub fn upload(req: HttpRequest) -> Box<Future<Item = HttpResponse, Error = Error>> {
[INFO] [stdout]    |                                               ^^^^ associated type `Item` not found
[INFO] [stdout] 
[INFO] [stdout] 
[INFO] [stdout] error[E0220]: associated type `Error` not found for `futures::Future`
[INFO] [stdout]   --> src/lib.rs:95:68
[INFO] [stdout]    |
[INFO] [stdout] 95 | pub fn upload(req: HttpRequest) -> Box<Future<Item = HttpResponse, Error = Error>> {
[INFO] [stdout]    |                                                                    ^^^^^ associated type `Error` not found
[INFO] [stdout] 
[INFO] [stdout] 
[INFO] [stdout] error[E0191]: the value of the associated type `Output` (from trait `futures::Future`) must be specified
[INFO] [stdout]   --> src/lib.rs:95:40
[INFO] [stdout]    |
[INFO] [stdout] 95 | pub fn upload(req: HttpRequest) -> Box<Future<Item = HttpResponse, Error = Error>> {
[INFO] [stdout]    |                                        ^^^^^^^^^^^^^^^^^^^^^^^^^^^^^^^^^^^^^^^^^^ help: specify the associated type: `Future<Item = HttpResponse, Error = Error, Output = Type>`
[INFO] [stdout] 
[INFO] [stdout] 
[INFO] [stdout] error: aborting due to 3 previous errors; 6 warnings emitted
[INFO] [stdout] 
[INFO] [stdout] 
[INFO] [stdout] Some errors have detailed explanations: E0191, E0220.
[INFO] [stdout] 
[INFO] [stdout] For more information about an error, try `rustc --explain E0191`.
[INFO] [stdout] 
[INFO] [stdout] error: aborting due to 3 previous errors; 6 warnings emitted
[INFO] [stdout] 
[INFO] [stdout] 
[INFO] [stdout] Some errors have detailed explanations: E0191, E0220.
[INFO] [stdout] 
[INFO] [stdout] For more information about an error, try `rustc --explain E0191`.
[INFO] [stdout] 
[INFO] [stderr] error: could not compile `is_it_on_netflix`.
[INFO] [stderr] 
[INFO] [stderr] To learn more, run the command again with --verbose.
[INFO] [stderr] warning: build failed, waiting for other jobs to finish...
[INFO] [stderr] error: build failed
[INFO] running `Command { std: "docker" "inspect" "3de421ca340deea6fd2c74096a32800b736aa2dca2ad8df7921e5d9153a989ad", kill_on_drop: false }`
[INFO] running `Command { std: "docker" "rm" "-f" "3de421ca340deea6fd2c74096a32800b736aa2dca2ad8df7921e5d9153a989ad", kill_on_drop: false }`
[INFO] [stdout] 3de421ca340deea6fd2c74096a32800b736aa2dca2ad8df7921e5d9153a989ad
